 divided by 35?
28
What is the remainder when 186 is divided by 5?
1
What is the remainder when 129 is divided by 10?
9
Calculate the remainder when 213 is divided by 18.
15
Calculate the remainder when 319 is divided by 32.
31
Calculate the remainder when 771 is divided by 7.
1
Calculate the remainder when 521 is divided by 18.
17
What is the remainder when 162 is divided by 30?
12
What is the remainder when 316 is divided by 10?
6
What is the remainder when 63 is divided by 33?
30
Calculate the remainder when 857 is divided by 419.
19
What is the remainder when 31 is divided by 21?
10
Calculate the remainder when 149 is divided by 37.
1
Calculate the remainder when 493 is divided by 13.
12
Calculate the remainder when 9247 is divided by 250.
247
What is the remainder when 1904 is divided by 232?
48
What is the remainder when 225 is divided by 64?
33
What is the remainder when 82 is divided by 12?
10
What is the remainder when 72 is divided by 9?
0
What is the remainder when 321 is divided by 145?
31
What is the remainder when 1298 is divided by 65?
63
Calculate the remainder when 2327 is divided by 37.
33
Calculate the remainder when 9699 is divided by 50.
49
Calculate the remainder when 7259 is divided by 12.
11
What is the remainder when 1196 is divided by 24?
20
Calculate the remainder when 285 is divided by 26.
25
Calculate the remainder when 987 is divided by 22.
19
What is the remainder when 167 is divided by 68?
31
What is the remainder when 233 is divided by 10?
3
What is the remainder when 106 is divided by 60?
46
What is the remainder when 343 is divided by 33?
13
What is the remainder when 977 is divided by 67?
39
What is the remainder when 1367 is divided by 137?
134
What is the remainder when 111 is divided by 38?
35
What is the remainder when 1000 is divided by 5?
0
What is the remainder when 437 is divided by 208?
21
Calculate the remainder when 44 is divided by 33.
11
Calculate the remainder when 4602 is divided by 459.
12
What is the remainder when 45 is divided by 19?
7
Calculate the remainder when 571 is divided by 32.
27
Calculate the remainder when 309 is divided by 62.
61
Calculate the remainder when 7053 is divided by 24.
21
Calculate the remainder when 1840 is divided by 230.
0
Calculate the remainder when 19 is divided by 17.
2
Calculate the remainder when 172 is divided by 45.
37
What is the remainder when 4865 is divided by 10?
5
What is the remainder when 2106 is divided by 54?
0
Calculate the remainder when 921 is divided by 44.
41
Calculate the remainder when 45 is divided by 2.
1
What is the remainder when 151 is divided by 51?
49
Calculate the remainder when 62 is divided by 4.
2
What is the remainder when 86 is divided by 72?
14
Calculate the remainder when 164 is divided by 85.
79
What is the remainder when 269 is divided by 83?
20
Calculate the remainder when 490 is divided by 26.
22
What is the remainder when 227 is divided by 38?
37
What is the remainder when 3960 is divided by 18?
0
What is the remainder when 10798 is divided by 45?
43
What is the remainder when 176 is divided by 28?
8
What is the remainder when 313 is divided by 7?
5
What is the remainder when 1159 is divided by 276?
55
What is the remainder when 1417 is divided by 9?
4
Calculate the remainder when 2478 is divided by 31.
29
What is the remainder when 304 is divided by 34?
32
What is the remainder when 482 is divided by 18?
14
What is the remainder when 16 is divided by 4?
0
Calculate the remainder when 7092 is divided by 177.
12
What is the remainder when 11117 is divided by 109?
108
What is the remainder when 5020 is divided by 2508?
4
Calculate the remainder when 8 is divided by 4.
0
What is the remainder when 307 is divided by 39?
34
What is the remainder when 940 is divided by 94?
0
What is the remainder when 224 is divided by 34?
20
Calculate the remainder when 412 is divided by 110.
82
What is the remainder when 88 is divided by 5?
3
What is the remainder when 483 is divided by 81?
78
What is the remainder when 438 is divided by 13?
9
Calculate the remainder when 68 is divided by 41.
27
What is the remainder when 2119 is divided by 76?
67
Calculate the remainder when 248 is divided by 58.
16
Calculate the remainder when 271 is divided by 39.
37
Calculate the remainder when 867 is divided by 97.
91
Calculate the remainder when 702 is divided by 113.
24
Calculate the remainder when 33 is divided by 3.
0
What is the remainder when 42 is divided by 4?
2
What is the remainder when 520 is divided by 80?
40
What is the remainder when 3523 is divided by 147?
142
Calculate the remainder when 2242 is divided by 33.
31
What is the remainder when 207 is divided by 165?
42
Calculate the remainder when 348 is divided by 26.
10
Calculate the remainder when 170 is divided by 36.
26
What is the remainder when 2169 is divided by 2164?
5
Calculate the remainder when 173 is divided by 82.
9
What is the remainder when 3249 is divided by 11?
4
What is the remainder when 528 is divided by 105?
3
Calculate the remainder when 2272 is divided by 11.
6
Calculate the remainder when 691 is divided by 77.
75
Calculate the remainder when 988 is divided by 33.
31
What is the remainder when 50 is divided by 35?
15
Calculate the remainder when 3416 is divided by 1138.
2
Calculate the remainder when 292 is divided by 55.
17
What is the remainder when 852 is divided by 15?
12
What is the remainder when 483 is divided by 237?
9
What is the remainder when 130 is divided by 36?
22
What is the remainder when 5482 is divided by 18?
10
What is the remainder when 2067 is divided by 25?
17
Calculate the remainder when 101 is divided by 8.
5
What is the remainder when 3670 is divided by 1832?
6
What is the remainder when 176 is divided by 94?
82
What is the remainder when 122 is divided by 33?
23
Calculate the remainder when 1428 is divided by 47.
18
Calculate the remainder when 95 is divided by 85.
10
What is the remainder when 451 is divided by 17?
9
Calculate the remainder when 1676 is divided by 84.
80
Calculate the remainder when 260 is divided by 28.
8
Calculate the remainder when 876 is divided by 37.
25
Calculate the remainder when 1854 is divided by 38.
30
What is the remainder when 719 is divided by 150?
119
What is the remainder when 11464 is divided by 49?
47
Calculate the remainder when 388 is divided by 30.
28
Calculate the remainder when 713 is divided by 232.
17
Calculate the remainder when 1449 is divided by 16.
9
Calculate the remainder when 657 is divided by 5.
2
What is the remainder when 1982 is divided by 11?
2
Calculate the remainder when 3120 is divided by 1036.
12
Calculate the remainder when 6273 is divided by 6.
3
What is the remainder when 3923 is divided by 164?
151
Calculate the remainder when 74 is divided by 30.
14
What is the remainder when 416 is divided by 19?
17
Calculate the remainder when 820 is divided by 11.
6
Calculate the remainder when 1322 is divided by 89.
76
Calculate the remainder when 42 is divided by 39.
3
What is the remainder when 663 is divided by 324?
15
Calculate the remainder when 1490 is divided by 249.
245
What is the remainder when 46001 is divided by 123?
122
What is the remainder when 2511 is divided by 834?
9
What is the remainder when 1882 is divided by 455?
62
What is the remainder when 652 is divided by 320?
12
Calculate the remainder when 1813 is divided by 129.
7
Calculate the remainder when 74 is divided by 13.
9
What is the remainder when 185 is divided by 9?
5
Calculate the remainder when 11780 is divided by 33.
32
What is the remainder when 571 is divided by 268?
35
What is the remainder when 124 is divided by 63?
61
Calculate the remainder when 449 is divided by 10.
9
What is the remainder when 79 is divided by 23?
10
What is the remainder when 1523 is divided by 61?
59
What is the remainder when 244 is divided by 58?
12
What is the remainder when 108099 is divided by 25?
24
Calculate the remainder when 610 is divided by 131.
86
What is the remainder when 271 is divided by 70?
61
Calculate the remainder when 63 is divided by 35.
28
What is the remainder when 157 is divided by 24?
13
What is the remainder when 1407 is divided by 47?
44
Calculate the remainder when 199 is divided by 74.
51
Calculate th